culate the greatest common factor of 62 and 23188.
62
Calculate the highest common factor of 1144 and 130.
26
What is the greatest common divisor of 330 and 99?
33
Calculate the highest common factor of 945 and 585.
45
Calculate the highest common factor of 226 and 4.
2
What is the greatest common divisor of 3349 and 51?
17
What is the greatest common factor of 2054 and 26?
26
What is the greatest common divisor of 259 and 111?
37
What is the greatest common factor of 441 and 198?
9
What is the highest common factor of 130 and 104?
26
What is the highest common factor of 60 and 582?
6
What is the greatest common divisor of 1256 and 8?
8
Calculate the highest common factor of 174 and 928.
58
What is the highest common divisor of 168 and 98616?
168
Calculate the greatest common divisor of 288 and 801.
9
Calculate the highest common divisor of 1538 and 6.
2
What is the greatest common factor of 210 and 105?
105
What is the greatest common factor of 270 and 630?
90
Calculate the greatest common divisor of 260 and 900.
20
Calculate the greatest common divisor of 2176 and 51.
17
Calculate the greatest common factor of 8 and 464.
8
Calculate the greatest common divisor of 27 and 153.
9
What is the greatest common divisor of 48 and 114?
6
What is the greatest common divisor of 9 and 81?
9
What is the greatest common factor of 65 and 3601?
13
What is the greatest common divisor of 44 and 8?
4
Calculate the highest common factor of 20 and 43760.
20
Calculate the highest common divisor of 136 and 4131.
17
What is the greatest common factor of 56797 and 13?
13
What is the greatest common factor of 60 and 1776?
12
What is the greatest common factor of 10 and 1120?
10
Calculate the highest common divisor of 4060 and 145.
145
Calculate the highest common divisor of 2080 and 13.
13
What is the highest common factor of 14 and 1084?
2
What is the greatest common divisor of 452 and 32?
4
Calculate the highest common factor of 231 and 168.
21
What is the highest common factor of 2205 and 45?
45
What is the greatest common factor of 104 and 1053?
13
Calculate the highest common divisor of 42 and 70.
14
What is the greatest common factor of 2944 and 230?
46
Calculate the highest common factor of 132 and 84.
12
What is the highest common factor of 180 and 135?
45
What is the highest common divisor of 1602 and 18?
18
What is the greatest common factor of 2725 and 25?
25
What is the highest common factor of 1728 and 672?
96
Calculate the highest common divisor of 119 and 918.
17
Calculate the highest common divisor of 33 and 627.
33
What is the greatest common divisor of 122451 and 51?
51
What is the greatest common divisor of 30 and 270?
30
What is the highest common divisor of 17394 and 78?
78
What is the highest common divisor of 44065 and 70?
35
What is the highest common divisor of 791 and 35?
7
What is the greatest common factor of 5 and 155?
5
Calculate the highest common divisor of 4998 and 147.
147
Calculate the greatest common divisor of 9 and 33.
3
Calculate the greatest common divisor of 2691 and 234.
117
What is the greatest common divisor of 248 and 341?
31
Calculate the highest common factor of 105 and 5915.
35
What is the highest common divisor of 1032 and 3268?
172
Calculate the greatest common factor of 7930 and 120.
10
What is the greatest common divisor of 287 and 315?
7
Calculate the highest common divisor of 21339 and 18.
9
Calculate the highest common factor of 1 and 1187.
1
What is the greatest common factor of 2421 and 3?
3
Calculate the greatest common factor of 1494 and 18.
18
Calculate the greatest common factor of 65 and 55.
5
Calculate the greatest common divisor of 260 and 91.
13
Calculate the highest common divisor of 5453 and 2009.
287
What is the greatest common divisor of 3759 and 273?
21
What is the highest common divisor of 3 and 11640?
3
What is the greatest common factor of 27 and 54?
27
What is the greatest common factor of 275 and 50?
25
What is the highest common divisor of 240 and 270?
30
Calculate the highest common factor of 156 and 117.
39
Calculate the highest common factor of 20328 and 168.
168
What is the greatest common factor of 99 and 63?
9
What is the greatest common factor of 35 and 490?
35
What is the greatest common factor of 381 and 254?
127
Calculate the highest common factor of 88 and 864.
8
What is the highest common factor of 34 and 18?
2
What is the greatest common factor of 12144 and 23?
23
Calculate the greatest common divisor of 308 and 2968.
28
What is the highest common divisor of 130 and 14?
2
What is the greatest common divisor of 70 and 665?
35
Calculate the greatest common divisor of 342 and 18.
18
Calculate the greatest common factor of 106 and 477.
53
What is the highest common divisor of 36 and 1377?
9
What is the greatest common factor of 1632 and 680?
136
Calculate the highest common factor of 22 and 187.
11
Calculate the greatest common factor of 621 and 437.
23
What is the highest common factor of 7 and 791?
7
Calculate the greatest common divisor of 46 and 1334.
46
Calculate the greatest common factor of 1810 and 543.
181
What is the highest common factor of 24 and 352?
8
What is the greatest common factor of 204 and 136?
68
What is the greatest common factor of 7 and 21?
7
What is the highest common factor of 740 and 290?
10
What is the greatest common factor of 112255 and 65?
65
Calculate the greatest common divisor of 159 and 102.
3
Calculate the greatest common factor of 102 and 8.
2
Calculate the greatest common factor of 195 and 65.
65
What is the greatest common divisor of 1 and 29?
1
Calculate the highest common divisor of 157 and 628.
157
What is the highest common factor of 19116 and 108?
108
Calculate the highest common divisor of 30 and 24.
6
What is the greatest common divisor of 24 and 33?
3
Calculate the highest common divisor of 126 and 21.
21
Calculate the greatest common divisor of 8 and 52.
4
What is the greatest common divisor of 21 and 1779?
3
Calculate the greatest common factor of 4705 and 5.
5
Calculate the greatest common divisor of 297 and 55.
11
What is the greatest common divisor of 110 and 27830?
110
What is the highest common divisor of 5 and 235?
5
What is the highest common divisor of 12 and 108?
12
Calculate the greatest common divisor of 160 and 4.
4
Calculate the greatest common factor of 351 and 138.
3
Calculate the greatest common factor of 133 and 28.
7
Calculate the greatest common divisor of 23 and 92.
23
What is the greatest common divisor of 15 and 2060?
5
What is the highest common factor of 5504 and 128?
128
What is the greatest common factor of 16 and 376?
8
What is the greatest common divisor of 498 and 332?
166
Calculate the greatest common divisor of 1711 and 59.
59
What is the greatest common factor of 134 and 8978?
134
Calculate the highest common divisor of 5100 and 25.
25
Calculate the greatest common factor of 200 and 120.
40
What is the greatest common factor of 184 and 40?
8
What is the highest common divisor of 1375 and 1100?
275
What is the highest common divisor of 378 and 29358?
126
What is the greatest common divisor of 150 and 350?
50
What is the highest common divisor of 63 and 18?
9
Calculate the highest common factor of 1092 and 208.
52
Calculate the greatest common divisor of 303 and 5.
1
Calculate the greatest common divisor of 3287 and 361.
19
Calculate the highest common factor of 5965 and 5.
5
What is the highest common divisor of 2754 and 54?
54
What is the greatest common factor of 425 and 595?
85
Calculate the greatest common factor of 10 and 1310.
10
Calculate the highest common factor of 2784 and 1920.
96
Calculate the greatest common factor of 26 and 962.
26
What is the highest common factor of 2 and 94?
2
Calculate the greatest common factor of 132 and 297.
33
Calculate the greatest common factor of 8 and 37.
1
What is the highest common divisor of 264 and 11?
11
What is the highest common factor of 735 and 15?
15
Calculate the greatest common factor of 73839 and 453.
453
Calculate the highest common divisor of 1431 and 15.
3
Calculate the highest common divisor of 1288 and 98.
14
What is the highest common divisor of 7571 and 67?
67
What is the greatest common factor of 1599 and 369?
123
Calculate the greatest